 h(j) - 6*i(j). Is a(4) prime?
False
Let v = -56 + 169. Is v composite?
False
Let b = -56 - -211. Is b composite?
True
Suppose 285 + 473 = 2*u. Is u prime?
True
Suppose 6*s = -3*h + 3*s + 58794, 78382 = 4*h + 2*s. Let m be h/54 - (-1)/6. Suppose m = v + 2*v. Is v prime?
False
Let f(o) = -o**2 - 5*o + 6. Let h be f(-6). Suppose h = d - 5*s, -3*d + 3*s + 11 = -s. Let k = d - -44. Is k prime?
False
Let h(g) = 24*g + 7. Is h(5) prime?
True
Suppose 2*h - 6*h = -2*m - 16, -2*m = 3*h + 9. Let l(j) = j - 3. Let k be l(m). Let b = 88 - k. Is b prime?
True
Suppose -1033 - 722 = -2*g + t, 3*g - 2626 = -5*t. Is g composite?
False
Suppose 0 = h + 5, 3*f - 910 - 1869 = 2*h. Is f a prime number?
False
Suppose 35 - 975 = -2*u + 3*l, -2*l = -4*u + 1872. Is u prime?
True
Suppose 0 = 8*z - 13*z + 3205. Is z prime?
True
Suppose -8*a + 5*a + 1479 = 0. Is a prime?
False
Let z be 2 + (-3)/((-9)/3). Suppose -j = -z*j + 12. Is j prime?
False
Is (536/6)/(6/9) composite?
True
Suppose t = 2*d + 1, 5*t + 0*t - 14 = d. Suppose 93 = t*q + 2*g, -2*g = -0*q - 3*q + 93. Is q a prime number?
True
Suppose 3*o - 148 = -901. Let s = -110 - o. Is s prime?
False
Let z = 138 - 81. Suppose 2*c + c = z. Is c a composite number?
False
Suppose -14*i - 3199 = -37205. Is i prime?
False
Suppose -4*y - 34 - 94 = 0. Is 1*(2 - (y - 3)) a prime number?
True
Let p be 10/(-6) - (-4)/6. Suppose -5*t - 3 + 9 = 3*j, 2*j - 4 = -5*t. Is 34 + 3/(p - j) a prime number?
False
Let l(p) = 111*p**2 - 1. Suppose 3*h + 3*k = -2*k + 12, 5*k - 15 = 0. Let i be l(h). Suppose -5*v = -r - 275, 0 = 2*v + 6*r - r - i. Is v composite?
True
Let h = 7271 - 4692. Is h a composite number?
False
Suppose 5 = 5*f - 0. Let i(y) = 542*y**3 - y**2 - y + 1. Is i(f) composite?
False
Let v = -717 - -1166. Is v composite?
False
Suppose 2*v - 5*l - 125 = 0, 4*v = -0*v + 5*l + 235. Is v a composite number?
True
Suppose -844 = -2*y - 0*y. Is 2/4*1*y a composite number?
False
Suppose 5*s = -5*n + 675, 2*n + 7*s = 2*s + 258. Is n a prime number?
True
Let a(g) = g**3 - 8*g**2 - 8*g - 4. Let o be a(9). Suppose o*y - 424 = 3*y. Suppose 3*k - y = -k. Is k a composite number?
False
Is ((-11)/4)/((-5)/40) a composite number?
True
Suppose -5 = -5*o, -4*f + 3*o = -f + 30. Let l = 46 + f. Is l a prime number?
True
Suppose 5*r - 2*k + 556 = 0, 2*r - 4*r + 3*k = 218. Let s = -30 - r. Is s prime?
False
Let v be ((-2)/(-4))/((-2)/28). Let a = -4 - v. Suppose 5*z - 192 = a*w, -w - w - 76 = -2*z. Is z composite?
True
Let o be ((-60)/(-18))/(2/(-42)). Let l be o + (3 - 0) - 1. Let s = 177 + l. Is s composite?
False
Let s(u) = -108*u**3 - 5*u**2 - 5*u - 1. Is s(-2) a prime number?
True
Suppose 0 = 2*i - 0 - 4. Suppose 0 = -5*x + 5*c + 945, i*x + 0*x - 364 = -5*c. Is x a composite number?
True
Let w = -620 + 1155. Is w prime?
False
Let w be (15/3)/((-2)/(-166)). Suppose 0 = -5*q + w + 3330. Is q composite?
True
Let y(m) = -89*m. Let t(j) = j - 8. Let h be t(6). Is y(h) a prime number?
False
Suppose -2*b - 35 = 3*b. Let o(k) = -k**3 + 7*k + 4. Is o(b) composite?
True
Suppose -2*h = 5*h - 2653. Is h a composite number?
False
Is (3 + (-63)/14)*(-316)/6 prime?
True
Let o(d) = 59*d + 12. Let b be o(5). Let k = -3 - -5. Suppose -k*n = 21 - b. Is n a prime number?
False
Let d(u) = 6*u - 7. Let g be d(7). Let y = g + 346. Is y composite?
True
Let t(x) = 3*x**3 - x**2. Let s be t(1). Suppose 2*m - q = -s*m + 461, 2*m - 225 = -5*q. Is m prime?
False
Suppose -2*t + 2*g + 1396 = -0*g, 2115 = 3*t + 4*g. Is t a composite number?
False
Let u(f) = f - 12. Let b be u(7). Is 32 + b + -2 + 1 a composite number?
True
Let x(i) = -15*i**2 - 5*i - 3. Let a = -1 - 2. Let j be x(a). Let n = j - -172. Is n prime?
False
Is 946*11/14 - 64/224 prime?
True
Suppose 0 = -5*k + 2*t + 1862, 4*t - 2*t = 8. Let b = k - 225. Is b a composite number?
False
Let f be (1 + 2)/3 + 3. Let s(j) = -f*j + 2*j + 3*j**2 + 21*j**3 + 1 - 2*j**2. Is s(1) a prime number?
False
Suppose 2*f = 3*n - 4*n - 25, -n + 52 = -5*f. Let v = -5 - f. Is (-10)/(-2)*(v - 3) a prime number?
False
Suppose -3*d = d. Suppose -3*g - 3*g + 954 = d. Is g composite?
True
Suppose -j + 55 + 70 = 0. Suppose j = s - 66. Is s a composite number?
False
Suppose -4*f + 713 = -339. Is f a prime number?
True
Suppose -5 + 1 = 4*b. Let a be 0 - (-1 + b + -1). Suppose 5*z - 327 = -4*s, a*z - 8 = 3*s - 260. Is s prime?
True
Suppose 0 = 7*c - 3*c - 16. Suppose -3 = -q + c. Is q prime?
True
Let g be (2/(-5))/(1/(-1090)). Suppose 4*s = 4*v + g, -5*v = 2*s - 2*v - 238. Is s a prime number?
True
Let h(v) = 18*v**2 - 8*v - 25. Is h(9) a composite number?
False
Suppose -11 - 1 = -4*g. Suppose 0 = m - g*m + 42. Is m composite?
True
Let g(s) = -s**3 - 6*s**2 + 11*s - 7. Let c(f) = -f**3 + 5*f**2 + 3*f - 3. Let z be c(5). Let t = -20 + z. Is g(t) a composite number?
True
Let j be ((-138)/2)/(1 + -2). Suppose 0*q + j = q. Is q prime?
False
Suppose -2276 = -11*y + 881. Is y prime?
False
Let i be (3/2)/(3/34). Suppose -i*p = -19*p + 614. Is p a prime number?
True
Let j be (-2)/5 + 61638/(-30). Is ((-8)/(-10))/((-6)/j) composite?
True
Let k(g) be the first derivative of g**3/3 + 3*g**2 - 5*g - 1. Let s be k(4). Let z = s + -10. Is z composite?
True
Let n = 97 - 30. Is n composite?
False
Is 9/((-27)/19758)*(-1)/2 composite?
True
Let a = -465 - -3918. Is a composite?
True
Let x(i) = 0 - 5 + 12*i**2 - 5*i + 2*i - i**3. Is x(11) prime?
True
Let b = -162 + 409. Let k = -169 + b. Suppose 16 = -2*h + k. Is h a prime number?
True
Let q(g) = 0 - 6*g**3 + 0*g**2 + g**2 + 0*g - g - 1. Is q(-2) composite?
False
Let t be -1 - -8*(-3 - -2). Is (t/6)/((-2)/44) a prime number?
False
Let l(x) = -4*x**3 + 2*x**2 + x - 12. Is l(-5) a prime number?
False
Let t be 2 + 4 + -7 + 1. Suppose 4*x = 8, -2*n + 3*x + 812 = -t*x. Is n a composite number?
False
Let h = 9 - 16. Let i = h + 17. Is i a prime number?
False
Let f(q) = -10*q**3 + 2*q**2 + 2*q - 1. Is f(-2) a prime number?
True
Suppose -8*s + 10*s - 590 = 0. Is s prime?
False
Let s = -1477 + 2948. Is s prime?
True
Suppose -3*d = 2*s + 11, s + 4*s = -2*d - 22. Suppose 5*z = z - 64. Is (-4 + z)/(s - -2) prime?
False
Let j(r) = -40*r + 11. Let w be (-30)/(-2)*(-1)/3. Is j(w) a composite number?
False
Let p(k) = -k**3 - 9*k**2 - 8*k + 7. Let l be p(-8). Is 1718/14 + 2/l a composite number?
True
Suppose 2*t + 3*k + 2 = 12, -2*k = 0. Suppose b + t*v - 545 = -4*b, v = -2. Is b prime?
False
Suppose -c - c = 26. Let h = c - -20. Is h a prime number?
True
Suppose -4*a - 16 = 0, 0 = -2*i - 3*i - a + 1466. Suppose -2*u + 4*u - i = 0. Suppose p + 2*p = u. Is p prime?
False
Let s(t) = -t**3 + 11*t**2 - 12*t + 13. Is s(9) a composite number?
False
Let c = 36 + 1. Is c a composite number?
False
Suppose -4*i + 2008 = 2*g, -3*i - 5*g + 1106 + 400 = 0. Is i a prime number?
False
Let o(s) = -4*s**2 - s - 1. Let r be o(-1). Let t(m) = -41*m - 3. Is t(r) a prime number?
False
Let m be (1*3)/((-3)/(-9)). Let l(v) = -v**3 + 10*v**2 - 6*v + 1. Let r be l(m). Is 720/r - 2/(-7) a prime number?
False
Let z be (-1)/2 - (-22)/4. Is ((-2)/z + 0)*-25 composite?
True
Suppose -21*h + 13542 = -15*h. Is h a composite number?
True
Suppose -y - 2*y = 30. Let k = -61 + y. Let z = k + 104. Is z composite?
True
Suppose -2*b - q + 1368 = -3*q, 1378 = 2*b - 4*q. Is b prime?
False
Suppose -5947 = -8*g + 405. Is g a prime number?
False
Suppose -6*u + 3*u = 2*r - 985, 980 = 2*r + 2*u. Is r a prime number?
False
Suppose -2*s - 338 = 4*u - 5*s, -u - 3*s = 77. Let w = -48 - u. Is w prime?
False
Let d be -3*5*(-2)/(-5). Let k = 45 - d. Is k composite?
True
Let j(c) be the third derivative of -5*c**4/6 + 11*c**3/6 - 8*c**2. Is j(-10) a prime number?
True
Let p(n) = -3*n**2 + 6*n - 3. Let t be p(5). Suppose 0 = 5*g - 9*g - 60. Let r = g - t. Is r composite?
True
Let i(b) = 1479*b**2 + b + 1. Is i(1) prime?
True
Let z(m) = m**3 + 39. Let f be (2/6)/((-1)/3). Let l be (f + 1/1)/1. Is z(l) composite?
True
Let v = 1 + 0. Let t(w) be the second derivative of 22*w**5/5 - w**3/6 - 16*w. Is t(v) composite?
True
Let y be 372/8 + (-6)/(-4). Suppose 3*l + 5*a + 77 = 0, -5*l + 4*a = -82 + 235. Let u = l + y. Is u prime?
True
Let v(j) = 58*j**2 - 2*j - 1. Is v(-2) a prime number?
False
Let m(k) = k**3 - 4*k**2 - 4*k + 2. Let i be m(5). Let v(t) = t**3 - 5*t**2 - 8*t - 5. Is v(i) prim